 -2)*145/(-10).
28
Let u be (-5)/((-75)/162)*5. Suppose -y - u = -2*y. What is the remainder when y is divided by 19?
16
Suppose 3*y + 15 = 0, -8*h + 42 = -7*h - 4*y. Calculate the remainder when 43 is divided by h.
21
Let s(q) = -8*q + 6. What is the remainder when s(-7) is divided by 16?
14
Let h(k) be the third derivative of -3*k**2 - 5/24*k**4 + 0 - 1/2*k**3 + 0*k. What is the remainder when 52 is divided by h(-6)?
25
Suppose -2*p + 4*p = 0. Let l be 1*((p - 2) + 7). Suppose 26 = l*y - 4. Calculate the remainder when y is divided by 4.
2
Calculate the remainder when 17 is divided by (-180)/(-16) - 1/4.
6
Let y = -3 - -3. Let j(r) = -r**2 + r + 15. Calculate the remainder when j(y) is divided by 4.
3
Suppose -c - 9 = 10. Let n = c - -34. Calculate the remainder when 2/(-7) + 310/7 is divided by n.
14
Let i = -16 + 20. What is the remainder when 20 is divided by i?
0
Let j(q) = 11*q**3 + 2*q - 1. Let h be j(1). Suppose h + 9 = 3*y. Calculate the remainder when y is divided by 4.
3
Let q be 0 - 1*(5 + 1). Suppose 0 = 2*w - 2*k - 36, 5*k + 24 = 2*w - 0*k. Let y = w + q. Calculate the remainder when y is divided by 9.
7
Let m(f) = f**2 - 3*f + 2. Suppose 2*t - 5 = 9. Calculate the remainder when m(5) is divided by t.
5
Let h be 2/3 + (-352)/(-12). Let l = -7 + -8. Let d = h + l. What is the remainder when d is divided by 8?
7
Let w(s) = 5*s + 1. Let o be w(1). Suppose o + 33 = 3*h. What is the remainder when 25 is divided by h?
12
Let z = 13 + -5. Suppose 1 = -5*p + 6. Let b = z + p. What is the remainder when 25 is divided by b?
7
Let r(k) = k - 8. Let i(s) = 9*s**2. Let y be i(1). What is the remainder when 2 is divided by r(y)?
0
Suppose 8 - 2 = 3*i. Suppose i*s - 4 = 2. What is the remainder when s is divided by 1?
0
Let s(i) = i**2 - 2*i - 5. Let r = 67 + 6. Calculate the remainder when r is divided by s(6).
16
Let i = 119 - 173. Suppose -5*b + c = -269, -b + 5*c + 33 = -40. Calculate the remainder when b is divided by (-3 + 2)/(3/i).
17
Suppose 0 = -15*q - 0*q + 45. Let j be (5/(15/12))/2. Suppose -4*o - 4 = -j*y, -2*y + 4*y + o = 24. Calculate the remainder when y is divided by q.
1
Let u(o) = -3*o**2 - 15. Let v(k) = -2*k**2 - 7. Let f(a) = 2*u(a) - 5*v(a). Let z be f(4). Let y = -35 + z. Calculate the remainder when y is divided by 12.
10
Suppose 2*w = 4*t + 10, 4 - 7 = w. Let h(b) = 4*b**2 + 4*b - 1. Calculate the remainder when h(t) is divided by 12.
11
Let k(g) = -5*g - 12. What is the remainder when k(-7) is divided by 6?
5
Let a = -6 - -15. Calculate the remainder when 24 is divided by a.
6
Let k(y) = 10*y**2 + y. Suppose 5*a = -10, 0 = 4*x + 2*a - a - 54. Suppose 0 = i + 3, 2*i + x = 2*c + 6*i. Calculate the remainder when k(-2) is divided by c.
12
Let a = -23 - -33. Let c(j) = 8*j - 3. Let f be c(2). Calculate the remainder when (f - -2) + (3 - 1) is divided by a.
7
Let n(u) = -15*u**3 + u**2 + u. Let h(x) = 15*x**3 - x**2 - x. Let s(i) = 3*h(i) + 4*n(i). What is the remainder when 57 is divided by s(-1)?
12
Let w(j) = j**3 - 5*j**2 + 4*j - 1. Let y be w(4). Calculate the remainder when 2/(y + -1) - -10 is divided by 6.
3
Suppose 5*h - 193 + 28 = 0. What is the remainder when h is divided by 17?
16
Let z be (10/(-3))/(1/(-3)). Suppose -13 = -v - 4*y, -2*y + z = 3*v + 1. Calculate the remainder when v is divided by 1.
0
Let n(c) = c**3 - 6*c**2 + 3*c - 9. Suppose -60 = 9*y - 13*y. What is the remainder when y is divided by n(6)?
6
Let w = 11 + -17. Let s(c) = c**3 + 5*c**2 - 9*c - 9. Let v(p) = -2*p - 3. Calculate the remainder when s(w) is divided by v(-4).
4
Suppose 5*x + 0*x = 65. Calculate the remainder when x is divided by 7.
6
Suppose -43 = -3*h + 62. Let y(l) = -l**2 + l + 3. Let r be y(0). Suppose r*w = 76 + h. What is the remainder when w is divided by 13?
11
Let a = 99 + -58. Let s = a - 27. Calculate the remainder when (-8)/12 + (-160)/(-6) is divided by s.
12
Let h(j) = -2*j**3 - 12*j**2 + 4*j + 4. Let u(s) = s**3 + 11*s**2 - 4*s - 3. Let g(n) = -6*h(n) - 7*u(n). What is the remainder when g(3) is divided by 25?
24
Let p(q) = -3*q**3 + q**2 - q - 2. Suppose 2*y = -2*y + 12. Let c be -1 - (y - (1 - -1)). Calculate the remainder when 82 is divided by p(c).
26
Suppose -5*i - 14 - 16 = 0. Let v(n) = 4*n - 13. Let k(x) = 4*x - 14. Let p(h) = 6*k(h) - 7*v(h). Calculate the remainder when p(i) is divided by 16.
15
Suppose 0 = -2*n - z + 86, 3*n - 127 = -4*z + 2*z. Calculate the remainder when n is divided by 12.
9
Let o = -184 + 287. Calculate the remainder when o is divided by 26.
25
Suppose n + n = -5*a - 2420, 1468 = -3*a + 2*n. Let q = -68 - -80. Calculate the remainder when a/(-14) - 4/(-14) is divided by q.
11
Suppose -12 = -4*q + 44. Let r = 17 + q. What is the remainder when 59 is divided by r?
28
Let t(c) = -c**3 - c**2 - 2. Let f be t(-3). Suppose f = 4*b - 0, -m + 5*b = 14. Suppose -76 = -m*k + 2*k. What is the remainder when 56 is divided by k?
18
Let n(v) = v**2 + 9*v + 1. Suppose 4*a + 0*a + 36 = 0. Let l be n(a). What is the remainder when 8 is divided by -2 - 0 - (-4 - l)?
2
Calculate the remainder when 24 is divided by 72/32*4*1.
6
Suppose -5*c + 4*f + 12 = f, 0 = -5*c - 4*f + 19. Let m = 2 - 4. Let g = 9 - m. What is the remainder when g is divided by c?
2
Let f(r) = 3 - 1 + 0 - r. What is the remainder when 12 is divided by f(-5)?
5
Let s(i) = 2*i**2 - 3*i - 1. Let l = 44 - -1. Suppose 5*g = l + 45. What is the remainder when s(6) is divided by g?
17
Suppose -18 + 118 = 4*x. Calculate the remainder when x is divided by 7.
4
Let h(t) = -t - 1. Let r be h(3). Suppose -4*n + 121 - 393 = 0. Calculate the remainder when 32 is divided by n/(-6)*(-6)/r.
15
Calculate the remainder when 59 is divided by (162/4 - 3)*4/5.
29
Suppose 4*g + 4 = 0, g - 8 = -3*m - 0. Suppose 5*i - 2*i + m = 0. Calculate the remainder when 7 is divided by -2*(i + (-2)/4).
1
Let v(c) = 2*c**3 - 6*c**2 + 7*c + 5. Let n be v(6). Suppose 4*f + 39 = n. Calculate the remainder when f is divided by 19.
18
Suppose -4*r - 36 = -2*a - 2*a, -a - 2*r = 0. Let x(m) = -m - 3. Let t be x(-5). Suppose 0 = -3*z - t*z + 80. Calculate the remainder when z is divided by a.
4
Suppose -7*u = r - 2*u - 56, -u = 3*r - 154. Calculate the remainder when 201 is divided by r.
48
Let i be (-12 - 0) + -2 + 3. Let n = i - -19. Suppose -3*s = -15, 3*d - 3*s - 17 = 13. What is the remainder when d is divided by n?
7
Let i(t) = 14*t - 3. Let u be i(2). Let y = 60 - u. Suppose 3*k - 48 = -k. What is the remainder when y is divided by k?
11
Let h(l) = 2*l - 2. Let f be (-21)/(-6) + (-2)/4. What is the remainder when 6 is divided by h(f)?
2
Let n(u) = -5*u. Suppose 5*b - 16 = -2*f + 10, 2*f - 3*b + 6 = 0. Suppose 5*x - f*x - 116 = 0. Calculate the remainder when x is divided by n(-4).
18
Suppose 3*i + 5*x - 34 = 99, 4*x = -16. Suppose -3*y - 16 = -7*y. Suppose -d + y = -3*d, -4*c = -3*d - 58. What is the remainder when i is divided by c?
12
Suppose 3 + 0 = x, 0 = 2*d + 4*x - 132. Suppose 0 = 4*j - 6*j + 2*s + 60, 123 = 4*j - s. Calculate the remainder when d is divided by j.
29
Let h = -1 + 2. Suppose 37 = 2*l + 11. What is the remainder when 1 + 1*23/h is divided by l?
11
Suppose -4*l = -5*v + 235 - 38, 2*l - 68 = -2*v. What is the remainder when v is divided by 10?
7
Let a(f) = -f**3 - 3*f**2 + f + 11. What is the remainder when 166 is divided by a(-5)?
54
Suppose 0 = c + 4*c - 25. Calculate the remainder when 29 is divided by (c/(-4))/((-1)/8).
9
Let r(d) = -d**3 - 4*d**2 - d + 2. What is the remainder when 21 is divided by r(-4)?
3
Let a = -120 - -132. What is the remainder when 141 is divided by a?
9
Suppose u + 36 = 5*y - 30, 3*u = -3*y + 54. Let k = y + -10. Suppose -w + k*d + 14 = 0, 3*w - 5*d = -2*w + 130. What is the remainder when w is divided by 16?
14
Let x(q) = q - 3. Calculate the remainder when 13 is divided by x(12).
4
Calculate the remainder when 32/16 - 806/(-2) is divided by 51.
48
Suppose 99 = r + g + 7, -3*r - g = -276. Suppose -4*p - 2*m = -58 - 66, r = 3*p + 2*m. Calculate the remainder when p is divided by 17.
15
Suppose 3*o - 4 = o + q, -3*q - 8 = -4*o. Suppose -o*a + 42 = a. Calculate the remainder when 40 is divided by a.
12
Let p(m) = -2*m**2 + 3*m - 1. Let l be p(2). Let x = l - -1. What is the remainder when 17 is divided by x - (1 + -2) -